1
In base 6, what is 2 + 1034200311?
1034200313
In base 13, what is 6471c - -6c?
6478b
In base 14, what is -33a75 - 3d?
-33ab4
In base 13, what is -97ac - -957?
-8b55
In base 4, what is 10210 - 101320321?
-101310111
In base 6, what is 0 - -11400225413?
11400225413
In base 3, what is -122101212110 - 210000?
-122102122110
In base 10, what is 67166953 + -1?
67166952
In base 14, what is -7 - b1a7827?
-b1a7830
In base 2, what is -1 - -111101111001011111101?
111101111001011111100
In base 8, what is -2243231 - -1560?
-2241451
In base 12, what is -196a724 + 2?
-196a722
In base 5, what is 2410224301 - -10?
2410224311
In base 16, what is -2c9c - -691?
-260b
In base 10, what is 830279370 + 2?
830279372
In base 5, what is 2400 + -424303?
-421403
In base 11, what is 190 - -a92?
1172
In base 10, what is 288 + -731444?
-731156
In base 5, what is 12431234433 - -4?
12431234442
In base 4, what is 220220 - -302131212?
303012032
In base 7, what is 22422002 + 1?
22422003
In base 4, what is 1303 + 2202101?
2210010
In base 10, what is 49 - -953956?
954005
In base 5, what is -4 - 30413014220?
-30413014224
In base 6, what is -23 - -225543110?
225543043
In base 14, what is -5 + -1946408?
-194640d
In base 15, what is d57 - -32eb?
4153
In base 6, what is -25 - -1251513?
1251444
In base 5, what is -3013402332 - -1312?
-3013401020
In base 9, what is 45568 + 8131?
54710
In base 15, what is 2 - -583c5?
583c7
In base 12, what is 2 - -b51867?
b51869
In base 2, what is -110101 - 111101101011000101?
-111101101011111010
In base 3, what is 1121 - -100100102?
100102000
In base 7, what is 100566 + -223562?
-122663
In base 2, what is -100 - 100100000011010101011010?
-100100000011010101011110
In base 10, what is 4 + -20246046?
-20246042
In base 11, what is -33597 - 68?
-33654
In base 9, what is -10742 + 3077?
-6654
In base 11, what is -4 - 3841710a?
-38417113
In base 13, what is 33 - -43688?
436bb
In base 2, what is -10110011011101010111010001 - -10?
-10110011011101010111001111
In base 2, what is 1110000010100011001110111110 + -100?
1110000010100011001110111010
In base 7, what is 42 - -6262352?
6262424
In base 7, what is -33225 + 105?
-33120
In base 7, what is 2455353 - -2014?
2460400
In base 11, what is 499a700 - -4?
499a704
In base 10, what is -1 + 6032025?
6032024
In base 3, what is 11 - 20211002102220002?
-20211002102212221
In base 10, what is 27147341 - -4?
27147345
In base 6, what is -5 - 2440231023?
-2440231032
In base 4, what is 2113333 - -12320?
2132313
In base 13, what is 8875aba - 9?
8875ab1
In base 12, what is -2 - -11a76?
11a74
In base 7, what is 26330 + -6414?
16613
In base 7, what is -56114 - -1022?
-55062
In base 7, what is 311 - 2646?
-2335
In base 2, what is 100111011000 - -100011110001110001?
100100011001001001
In base 15, what is -1 - 28221db?
-28221dc
In base 8, what is 545 + -25203?
-24436
In base 11, what is -5 - -2222233?
2222229
In base 11, what is 8917 - 608?
830a
In base 11, what is -2 - -6488a00?
64889a9
In base 10, what is -1 - -2373250?
2373249
In base 12, what is 0 - 6812864?
-6812864
In base 12, what is 73368 + -1?
73367
In base 15, what is 4 - 42954e?
-42954a
In base 8, what is -334162 + 160?
-334002
In base 15, what is -256c3b44 + 4?
-256c3b40
In base 4, what is 0 + 3230032323231?
3230032323231
In base 10, what is 647 + 37507?
38154
In base 7, what is -210 - -364426?
364216
In base 13, what is 107 + -424b52?
-424a48
In base 16, what is 52 - 186e?
-181c
In base 15, what is -115 - -81879?
81764
In base 10, what is -107 - -7850474?
7850367
In base 3, what is -221020 - 1110120?
-2101210
In base 11, what is -145a62 - -26?
-145a37
In base 4, what is -3 + -111110030200231?
-111110030200300
In base 9, what is 43 - 256478?
-256435
In base 15, what is -2a4dc7e + -13?
-2a4dc92
In base 13, what is 192877285 + 1?
192877286
In base 8, what is 7437152 - 10?
7437142
In base 16, what is -332 - -8f683?
8f351
In base 10, what is 1679897 - 1?
1679896
In base 4, what is 30 - -12030320?
12031010
In base 2, what is 1001011101101 - 1000001101100?
1010000001
In base 5, what is -403412312 + -133?
-403413000
In base 7, what is 116 + -35216440?
-35216321
In base 4, what is 300 + -201223021221?
-201223020321
In base 14, what is 55d12a + -5d?
55d0ab
In base 5, what is -113042 - -22?
-113020
In base 11, what is -17521138 - 2?
-1752113a
In base 5, what is 2111321 - 2234430?
-123104
In base 8, what is -45 - 1117764?
-1120031
In base 16, what is -2 - -1f952d0?
1f952ce
In base 10, what is -695816361 + -5?
-695816366
In base 5, what is -3103340 - 11?
-3103401
In base 15, what is 403b8 - -cc?
40495
In base 10, what is 4623 - 9502?
-4879
In base 13, what is -21c0862c + -2?
-21c08631
In base 9, what is 3526314 - 5?
3526308
In base 16, what is -4a - c0b3?
-c0fd
In base 15, what is -9 - -2cecb51?
2cecb47
In base 13, what is -11a3 - -2544?
1371
In base 15, what is -179861 + 37?
-179829
In base 5, what is 104302044 - -24?
104302123
In base 2, what is -100100110101010001000100010 - -10?
-100100110101010001000100000
In base 11, what is 365017 + -34?
364a93
In base 15, what is -d + 303a4?
30396
In base 7, what is -10 - -4254026603?
4254026563
In base 16, what is -f6e6 + -18?
-f6fe
In base 13, what is 248c + -2024?
468
In base 6, what is 3010150 + -1152?
3004554
In base 9, what is -850 - 220567?
-221527
In base 2, what is -111110110001000011 + 101?
-111110110000111110
In base 5, what is 3143044 - 4342?
3133202
In base 11, what is 75 + -2a86a1a?
-2a86955
In base 16, what is -a5 - -9e6?
941
In base 5, what is -113 - -2334411?
2334243
In base 6, what is -1211 + 153155?
151544
In base 15, what is 5 + -3d89b15?
-3d89b10
In base 14, what is -b179 + 2a8?
-acb1
In base 12, what is aa8 + 1388?
2274
In base 10, what is -46532328 + 2?
-46532326
In base 10, what is 0 + 833214?
833214
In base 13, what is -4 - 224bc6?
-224bca
In base 16, what is 4 - -14bbeb?
14bbef
In base 10, what is -52 - -39770306?
39770254
In base 10, what is -1765 - -2619?
854
In base 12, what is 0 - -3168914?
3168914
In base 14, what is 6ad488 - -15?
6ad49d
In base 16, what is ec4 - e?
eb6
In base 14, what is -67653 + -cb?
-67740
In base 13, what is -9703cb - 0?
-9703cb
In base 9, what is 0 + -15084048?
-15084048
In base 13, what is 1229384 - b?
1229376
In base 4, what is -2 - 322120333301?
-322120333303
In base 16, what is -13c - 5a204?
-5a340
In base 6, what is -32 + 102444444?
102444412
In base 16, what is 29b7 + f67?
391e
In base 13, what is -219 - 53468?
-53684
In base 3, what is 122110222 - -1001221200?
1201102122
In base 2, what is -1010101010011111110111 - 1011?
-1010101010100000000010
In base 8, what is -2 - -6170507?
6170505
In base 8, what is 16663 - -14045?
32730
In base 13, what is 1c06 + cca?
2c03
In base 10, what is 17699290 + -8?
17699282
In base 13, what is 108a80 + 19?
108a99
In base 10, what is 2 + 4918793?
4918795
In base 11, what is 27005a + -429?
26a731
In base 4, what is 133101 + 3103212?
3302313
In base 2, what is 1000010001110101101111111 + 110?
1000010001110101110000101
In base 11, what is 3a889 + -4782?
36107
In base 8, what is 1460745747 + 0?
1460745747
In base 2, what is 101010110010110001100 + 1?
101010110010110001101
In base 11, what is 160 - -1048aa?
104a5a
In base 10, what is -942 + 15140?
14198
In base 16, what is 71 - 6df01?
-6de90
In base 14, what is -53 - 2281bdc?
-2281c51
In base 11, what is 12 - 7463559?
-7463547
In base 12, what is -5975165 + 14?
-5975151
In base 11, what is a6944 + 183?
a7017
In base 12, what is 17b4 + -1139?
677
In base 8, what is 324367 + 131?
324520
In base 8, what is 6 + -165125562?
-165125554
In base 11, what is -1383a8 + -aaa?
-1393a7
In base 12, what is 344b5372 + -4?
344b536a
In base 16, what is 7 - -2552eb1?
2552eb8
In base 14, what is b42 + -20d?
933
In base 13, what is -2622cc2 + -5?
-2622cc7
In base 13, what is -15 + 266601b?
2666006
In base 16, what is e67 - -bb?
f22
In base 2, what is 111100010111100101110 + 111?
111100010111100110101
In base 14, what is 3a2d1 + 385?
3a676
In base 9, what is 114 - -1730485?
1730610
In base 11, what is -2130 + -5041?
-7171
In base 4, what is 1222 - -1213031313?
1213033201
In base 7, what is 2 - -2100153212?
2100153214
In base 2, what is -1001001111010010011 + -1010111010?
-1001010000101001101
In base 7, what is 15652161 - 1103?
15